2394205503 a prime number?
False
Is 821244469 composite?
True
Is 2443121909 composite?
False
Is 181324054 a composite number?
True
Is 73528261 a composite number?
True
Is 1277563757 a composite number?
True
Is 57326366599 a composite number?
False
Is 157135289 a composite number?
True
Is 13494508369 a composite number?
False
Is 3318643621 composite?
False
Is 606596117 a composite number?
False
Is 25823461 a composite number?
False
Is 1956798919 a prime number?
True
Is 5315595133 prime?
True
Is 7603369759 a prime number?
True
Is 92765731 composite?
False
Is 42715381081 a prime number?
True
Is 1206036655 a composite number?
True
Is 365104957 a composite number?
True
Is 10584807437 prime?
False
Is 36582209 composite?
True
Is 89398307 a composite number?
False
Is 2045346451 a prime number?
False
Is 182016511 a prime number?
True
Is 1112707291 composite?
True
Is 279300113 a prime number?
True
Is 687851371 prime?
True
Is 2916412879 composite?
False
Is 481149373 composite?
False
Is 56927668279 a composite number?
False
Is 616061617 composite?
False
Is 732744451 prime?
False
Is 122933221 prime?
True
Is 2382070657 a prime number?
True
Is 9039351703 composite?
True
Is 60867574457 composite?
True
Is 3885281567 composite?
False
Is 3846003841 a prime number?
False
Is 6386705797 a composite number?
False
Is 5663161 prime?
False
Is 8286591463 composite?
False
Is 38722776119 a composite number?
True
Is 108943199 a composite number?
False
Is 5548819685 a composite number?
True
Is 816941183 a prime number?
False
Is 1128566171 composite?
True
Is 1488188239 composite?
False
Is 19099437433 composite?
False
Is 59325646469 prime?
False
Is 8278581151 a prime number?
True
Is 24636683 a composite number?
False
Is 67009773323 composite?
False
Is 4023093301 a prime number?
True
Is 319819139 a composite number?
True
Is 44715848059 a composite number?
True
Is 12611927463 composite?
True
Is 64543644734 prime?
False
Is 600137267 a composite number?
False
Is 20318528423 prime?
False
Is 18555585819 composite?
True
Is 395544581 prime?
False
Is 75276425999 composite?
True
Is 890677987 prime?
False
Is 153975319 a composite number?
False
Is 207281453 composite?
False
Is 4060806323 a composite number?
True
Is 8064476809 composite?
False
Is 1996201957 a prime number?
True
Is 1080528287 composite?
True
Is 292300650323 a prime number?
False
Is 142503494633 a composite number?
False
Is 4451731091 prime?
True
Is 62125321 a composite number?
False
Is 628938869 a prime number?
False
Is 120673049021 prime?
False
Is 370351943 a prime number?
False
Is 2770416409 prime?
True
Is 2651242709 composite?
True
Is 429137981 a prime number?
True
Is 217106410739 a composite number?
False
Is 10600829 composite?
True
Is 7757836319 a prime number?
False
Is 9326297 a composite number?
False
Is 17950673893 a prime number?
True
Is 404788313 a composite number?
False
Is 7378158497 a composite number?
False
Is 53300264441 prime?
False
Is 2303370259 a prime number?
False
Is 2394946577 prime?
False
Is 21976063811 a composite number?
True
Is 4777466521 composite?
True
Is 846759113 prime?
True
Is 988826705 prime?
False
Is 25401127 prime?
True
Is 126512541986 prime?
False
Is 1397522579 composite?
False
Is 57982259 a composite number?
True
Is 18672681769 a prime number?
False
Is 81502511 a prime number?
False
Is 16074503903 a composite number?
True
Is 124565033 composite?
True
Is 12739996351 composite?
True
Is 4623777523 a prime number?
False
Is 191424151 composite?
True
Is 79634397701 a prime number?
False
Is 25914223583 a composite number?
False
Is 11755468661 a prime number?
False
Is 13515334757 a composite number?
False
Is 566694231 a composite number?
True
Is 37488204077 a prime number?
False
Is 2422933757 a prime number?
True
Is 58142390513 a composite number?
False
Is 3538187 a composite number?
False
Is 1307337329 prime?
True
Is 137312983 prime?
False
Is 507240161 a composite number?
False
Is 7884568973 prime?
False
Is 455823989 a prime number?
True
Is 23892875543 composite?
True
Is 35630877 composite?
True
Is 2934193751 prime?
True
Is 49047580687 prime?
False
Is 10646052497 composite?
True
Is 43929476389 prime?
True
Is 519303311 prime?
False
Is 54640092971 prime?
True
Is 52566416621 a composite number?
False
Is 9834306929 a composite number?
False
Is 680805113 composite?
False
Is 8879120213 a composite number?
True
Is 305242020697 a prime number?
True
Is 33920073141 composite?
True
Is 4242300497 prime?
True
Is 845036065 a composite number?
True
Is 53724180751 a prime number?
True
Is 193685821 a composite number?
True
Is 19382923811 a prime number?
False
Is 94876968691 composite?
False
Is 3117117821 prime?
False
Is 490201 prime?
True
Is 30045167 composite?
False
Is 138595204769 a composite number?
True
Is 3060706501 composite?
True
Is 5478006157 prime?
False
Is 187959275261 composite?
False
Is 18989554533 composite?
True
Is 512376203 a composite number?
False
Is 1208818907 prime?
False
Is 15449133398 a prime number?
False
Is 30978777941 a composite number?
True
Is 6569150179 a composite number?
True
Is 302163263 a composite number?
True
Is 12874134419 prime?
True
Is 25257503573 prime?
True
Is 2553942067 a composite number?
True
Is 517251731 composite?
False
Is 22276459409 a prime number?
True
Is 4472659951 a prime number?
True
Is 1133492473 composite?
False
Is 439679761 prime?
True
Is 17637999009 a prime number?
False
Is 1431663683 a composite number?
False
Is 1476991823 a composite number?
True
Is 178668112969 prime?
True
Is 426684710227 prime?
True
Is 12387459793 a prime number?
False
Is 4843879919 a prime number?
True
Is 598850771 a prime number?
False
Is 11459161433 prime?
False
Is 930550987 a prime number?
False
Is 580001299 prime?
True
Is 357087323 a composite number?
False
Is 945928531 a composite number?
False
Is 2376486263 a composite number?
False
Is 20485524317 a prime number?
False
Is 14047492699 a composite number?
True
Is 23402191187 a prime number?
False
Is 41885688827 a prime number?
True
Is 43225558199 a prime number?
True
Is 344426789 prime?
False
Is 12002109307 composite?
True
Is 241196383 composite?
True
Is 6546452477 composite?
True
Is 121868310521 composite?
False
Is 212145643 a composite number?
True
Is 5792863147 composite?
False
Is 1527906967 prime?
False
Is 17405873 a composite number?
True
Is 178162364591 a prime number?
False
Is 6103477247 prime?
False
Is 1787920229 a composite number?
True
Is 32775273031 a composite number?
False
Is 248550563 a composite number?
True
Is 4096662793 a prime number?
True
Is 50508914186 a prime number?
False
Is 2479041527 prime?
False
Is 34239463561 prime?
True
Is 10041954437 a composite number?
False
Is 2901060671 a composite number?
True
Is 1191389149 composite?
True
Is 7331288693 composite?
True
Is 182883405967 prime?
True
Is 1220786027 a composite number?
True
Is 2013234409 a prime number?
False
Is 6745081357 composite?
True
Is 13783261759 composite?
True
Is 22259428003 prime?
True
Is 6661116019 a composite number?
False
Is 1373847001 a composite number?
False
Is 2832451259 composite?
True
Is 1166463427 a prime number?
True
Is 129794017 a prime number?
True
Is 10776253799 a composite number?
True
Is 162396922139 prime?
True
Is 56044109 prime?
False
Is 422642959 a prime number?
False
Is 12990088663 prime?
False
Is 9957141889 prime?
False
Is 15144845993 composite?
False
Is 934018387 a composite number?
False
Is 8375071391 a prime number?
True
Is 313892051 a prime number?
False
Is 1453445221 a prime number?
True
Is 175165187 composite?
True
Is 12164530453 prime?
True
Is 206224597 a composite number?
True
Is 63764671871 composite?
False
Is 71068744157 prime?
False
Is 109871203 prime?
False
Is 60646446479 prime?
True
Is 16031942579 prime?
False
Is 487448573 a composite number?
True
Is 2092470671 a prime number?
True
Is 1993815779 a prime number?
True
Is 8003142811 a composite number?
True
Is 43005731 a composite number?
False
Is 184407341 prime?
True
Is 348003307 a prime number?
True
Is 24880459 composite?
True
Is 183957488885 a prime number?
False
Is 6491875667 composite?
False
Is 153318932339 composite?
False
Is 9867859109 a composite number?
True
Is 9655641287 a composite number?
True
Is 91250181227 a composite number?
False
Is 222577261 comp